ate the highest common factor of 15627 and 3.
3
What is the highest common divisor of 1410 and 32970?
30
What is the greatest common divisor of 35524 and 8964?
332
Calculate the highest common divisor of 445 and 469030.
445
Calculate the greatest common divisor of 70748 and 161.
23
What is the greatest common factor of 560 and 14945?
35
Calculate the greatest common factor of 9611653 and 1523.
1523
What is the highest common divisor of 329 and 34639?
47
What is the highest common divisor of 1060 and 18974?
106
What is the greatest common divisor of 5146 and 806?
62
Calculate the highest common factor of 15019 and 17641.
23
Calculate the greatest common factor of 315 and 25879.
7
What is the greatest common divisor of 55 and 6426750?
55
Calculate the highest common divisor of 855 and 17487.
9
What is the highest common factor of 492 and 1524?
12
Calculate the greatest common divisor of 13044641 and 89.
89
Calculate the highest common factor of 85 and 335600.
5
Calculate the highest common divisor of 3096 and 8010.
18
Calculate the highest common divisor of 354 and 11918.
118
What is the highest common divisor of 15 and 1481395?
5
What is the greatest common divisor of 970 and 159662?
194
Calculate the greatest common factor of 36 and 37638.
18
Calculate the highest common divisor of 11945119 and 23.
23
Calculate the highest common divisor of 392 and 388.
4
What is the highest common divisor of 10633 and 99470?
343
Calculate the greatest common factor of 28404 and 324.
108
Calculate the highest common factor of 3583859 and 194.
97
Calculate the highest common divisor of 159850 and 920.
230
What is the highest common factor of 14231 and 76?
19
Calculate the highest common divisor of 1050050 and 20.
10
What is the greatest common factor of 53 and 856109?
53
What is the greatest common divisor of 2 and 157224?
2
What is the greatest common factor of 24863 and 9522?
529
What is the highest common factor of 1060150 and 5?
5
What is the highest common factor of 72 and 444204?
36
What is the greatest common divisor of 37 and 76220?
37
Calculate the highest common factor of 333 and 18833.
37
What is the highest common factor of 1 and 440098?
1
Calculate the greatest common factor of 75872 and 64.
32
What is the highest common factor of 60485 and 15?
5
Calculate the highest common divisor of 124 and 260.
4
What is the highest common divisor of 1606461 and 6?
3
What is the highest common factor of 13 and 20436?
13
What is the greatest common factor of 1128465 and 390?
195
What is the highest common factor of 131240 and 11560?
680
Calculate the highest common factor of 1590901 and 26.
13
Calculate the highest common divisor of 2792 and 416.
8
What is the highest common divisor of 5 and 409?
1
What is the highest common divisor of 33 and 789387?
3
What is the greatest common factor of 72220 and 12305?
115
Calculate the greatest common divisor of 147 and 7087752.
147
What is the greatest common factor of 12328 and 3618?
134
What is the highest common factor of 273 and 3794154?
273
What is the highest common factor of 5375469 and 451?
451
Calculate the highest common divisor of 23 and 537004.
23
What is the greatest common factor of 4939620 and 6?
6
Calculate the greatest common divisor of 22 and 4143106.
22
Calculate the highest common factor of 153 and 205921.
17
What is the highest common divisor of 5346 and 1944?
486
Calculate the greatest common divisor of 17346 and 4704.
294
What is the greatest common factor of 809109 and 133?
7
What is the highest common factor of 198494 and 244?
122
Calculate the highest common factor of 1953 and 69048.
63
What is the highest common divisor of 434 and 896?
14
Calculate the highest common divisor of 13200 and 251625.
825
What is the highest common factor of 222581 and 34?
17
What is the highest common factor of 32 and 4096?
32
Calculate the highest common factor of 107578 and 2086.
298
Calculate the greatest common factor of 897 and 62751.
39
What is the highest common divisor of 20538 and 630?
126
What is the highest common factor of 23547 and 564?
141
Calculate the greatest common divisor of 375 and 647375.
125
What is the highest common divisor of 675 and 104355?
135
Calculate the greatest common factor of 30281 and 1391.
107
What is the greatest common factor of 310 and 2310?
10
Calculate the greatest common divisor of 496 and 800.
16
What is the highest common divisor of 33274 and 1016?
254
Calculate the highest common factor of 244296 and 580.
116
What is the greatest common factor of 65 and 39545?
5
Calculate the highest common divisor of 29 and 108.
1
Calculate the highest common divisor of 92 and 17043.
23
Calculate the greatest common divisor of 16198 and 4094.
178
Calculate the highest common divisor of 2525 and 75245.
505
What is the greatest common factor of 1865 and 205?
5
Calculate the highest common factor of 666 and 3182.
74
What is the greatest common divisor of 84 and 26859?
21
What is the highest common divisor of 4256 and 2736?
304
Calculate the highest common factor of 678213 and 162.
81
What is the greatest common factor of 900 and 77940?
180
Calculate the greatest common factor of 87953 and 3091.
281
What is the highest common divisor of 8 and 3709464?
8
Calculate the highest common factor of 1935 and 169205.
215
Calculate the highest common factor of 6845 and 1979574.
1369
What is the highest common factor of 8914762 and 38?
38
What is the highest common divisor of 127 and 6430899?
127
Calculate the highest common divisor of 246 and 72406.
82
What is the greatest common factor of 106602 and 18?
6
What is the highest common factor of 2226927 and 28853?
2623
What is the greatest common divisor of 161 and 21620?
23
What is the greatest common divisor of 20206 and 8?
2
What is the greatest common divisor of 4 and 269366?
2
What is the greatest common factor of 12132868 and 1262?
1262
Calculate the highest common factor of 413519 and 183.
61
What is the greatest common factor of 251 and 6824941?
251
Calculate the greatest common divisor of 33 and 104061.
3
What is the greatest common factor of 630032 and 208?
208
Calculate the highest common divisor of 14606 and 2943.
109
What is the greatest common factor of 3069 and 9900?
99
Calculate the highest common factor of 28 and 68411.
7
What is the greatest common factor of 28404 and 48?
12
What is the highest common factor of 22043 and 10787?
469
What is the highest common factor of 208 and 305632?
16
Calculate the greatest common divisor of 9577 and 1891.
61
Calculate the greatest common factor of 140 and 151320.
20
Calculate the greatest common divisor of 18768 and 18.
6
What is the greatest common divisor of 19106 and 4194?
466
Calculate the highest common factor of 3185 and 14560.
455
Calculate the greatest common divisor of 44532 and 48.
12
Calculate the highest common divisor of 34 and 55658.
34
What is the greatest common factor of 11377 and 73767?
367
What is the greatest common factor of 191 and 31133?
191
What is the greatest common divisor of 3561 and 243?
3
What is the highest common factor of 346 and 34?
2
What is the highest common divisor of 377 and 3451?
29
Calculate the highest common factor of 832 and 20912.
16
What is the greatest common divisor of 78735 and 435?
435
Calculate the greatest common divisor of 12886 and 272.
34
Calculate the greatest common divisor of 8040 and 1876.
268
Calculate the highest common factor of 2204 and 3373222.
1102
Calculate the highest common divisor of 5689949 and 38.
19
What is the greatest common divisor of 2508 and 13452?
228
Calculate the highest common divisor of 145366 and 26.
26
What is the highest common factor of 1580 and 340?
20
What is the greatest common divisor of 6396 and 108?
12
What is the highest common divisor of 404 and 38582?
202
Calculate the greatest common divisor of 1737 and 413599.
193
What is the highest common divisor of 18318 and 294?
6
Calculate the greatest common divisor of 138432 and 7728.
336
What is the greatest common factor of 5283 and 3282504?
1761
Calculate the greatest common divisor of 848138 and 398.
398
Calculate the greatest common divisor of 847 and 1641365.
121
Calculate the highest common factor of 66311 and 14.
7
Calculate the highest common divisor of